{"id":2924,"date":"2022-02-17T10:03:26","date_gmt":"2022-02-17T09:03:26","guid":{"rendered":"https:\/\/dev.jggastro.com\/mobile\/?page_id=2924"},"modified":"2022-02-24T09:22:38","modified_gmt":"2022-02-24T08:22:38","slug":"kontenery-gastronomiczne","status":"publish","type":"page","link":"https:\/\/dev.jggastro.com\/mobile\/pl\/kontenery-gastronomiczne\/","title":{"rendered":"Kontenery gastronomiczne"},"content":{"rendered":"<div class=\"wpb-content-wrapper\"><p>[vc_row][vc_column css=&#8221;.vc_custom_1495398815990{margin-top: -150px !important;}&#8221; col_shadow=&#8221;box_shadow_enable:disable|shadow_horizontal:0|shadow_vertical:15|shadow_blur:50|shadow_spread:0|box_shadow_color:rgba(0%2C0%2C0%2C0.35)&#8221; col_shadow_hover=&#8221;box_shadow_enable:disable|shadow_horizontal:0|shadow_vertical:15|shadow_blur:50|shadow_spread:0|box_shadow_color:rgba(0%2C0%2C0%2C0.35)&#8221;][vc_row_inner][vc_column_inner css=&#8221;.vc_custom_1495837804759{padding-right: 25px !important;padding-left: 25px !important;background-color: #f2f2f2 !important;}&#8221; col_inner_shadow=&#8221;box_shadow_enable:disable|shadow_horizontal:0|shadow_vertical:15|shadow_blur:50|shadow_spread:0|box_shadow_color:rgba(0%2C0%2C0%2C0.35)&#8221; col_inner_shadow_hover=&#8221;box_shadow_enable:disable|shadow_horizontal:0|shadow_vertical:15|shadow_blur:50|shadow_spread:0|box_shadow_color:rgba(0%2C0%2C0%2C0.35)&#8221;][dfd_spacer screen_wide_spacer_size=&#8221;40&#8243; screen_normal_resolution=&#8221;1024&#8243; screen_tablet_resolution=&#8221;800&#8243; screen_mobile_resolution=&#8221;480&#8243;][dfd_heading subtitle=&#8221;&#8221; content_alignment=&#8221;text-left&#8221; enable_delimiter=&#8221;&#8221; undefined=&#8221;&#8221; title_font_options=&#8221;tag:h3|font_size:30|line_height:37&#8243; subtitle_font_options=&#8221;tag:div&#8221;]Dlaczego warto <em class=\"dfd-textmodule-featured-decoration\">nas wybra\u0107?<br \/>\n<\/em>[\/dfd_heading][dfd_spacer screen_wide_spacer_size=&#8221;20&#8243; screen_normal_resolution=&#8221;1024&#8243; screen_tablet_resolution=&#8221;800&#8243; screen_mobile_resolution=&#8221;480&#8243;][vc_column_text]Kontenery morskie od lat znajduj\u0105 zastosowanie w gastronomii.<\/p>\n<p>Ich estetyka przyci\u0105ga uwag\u0119 oraz daj\u0105 wiele mo\u017cliwo\u015bci pod wzgl\u0119dem rozbudowy czy to o kolejne modu\u0142y czy te\u017c form zagospodarowania przestrzeni dooko\u0142a nich.<\/p>\n<p>Przedstawiamy Pa\u0144stwu 4 gotowe koncepty gastronomiczne zbudowane na bazie 6-metrowych kontener\u00f3w morskich.<\/p>\n<p>S\u0105 to gotowe, dobrze przemy\u015blane i zoptymalizowane pod wzgl\u0119dem pracy w \u015brodku oraz koszt\u00f3w zakupu narz\u0119dzia do realizowania du\u017cych sprzeda\u017cy i przynosz\u0105ce wymierne zyski. Standardowa oferta mo\u017ce by\u0107 adaptowana do potrzeb inwestora. Kontenery mog\u0105 by\u0107 rozbudowywane o kolejne elementy, akcesoria oraz dopasowywane do potrzeb pod wzgl\u0119dem estetycznym.<\/p>\n<p>Zapraszamy do wsp\u00f3\u0142pracy.[\/vc_column_text][dfd_spacer screen_wide_spacer_size=&#8221;40&#8243; screen_normal_resolution=&#8221;1024&#8243; screen_tablet_resolution=&#8221;800&#8243; screen_mobile_resolution=&#8221;480&#8243;][\/vc_column_inner][\/vc_row_inner][dfd_spacer screen_wide_spacer_size=&#8221;100&#8243; screen_normal_resolution=&#8221;1024&#8243; screen_tablet_resolution=&#8221;800&#8243; screen_mobile_resolution=&#8221;480&#8243;][\/vc_column][\/vc_row][vc_row][vc_column dfd_column_responsive_enable=&#8221;dfd-column-responsive-enable&#8221; offset=&#8221;vc_col-xs-12&#8243; col_shadow=&#8221;box_shadow_enable:disable|shadow_horizontal:0|shadow_vertical:15|shadow_blur:50|shadow_spread:0|box_shadow_color:rgba(0%2C0%2C0%2C0.35)&#8221; col_shadow_hover=&#8221;box_shadow_enable:disable|shadow_horizontal:0|shadow_vertical:15|shadow_blur:50|shadow_spread:0|box_shadow_color:rgba(0%2C0%2C0%2C0.35)&#8221; responsive_styles=&#8221;padding_left_mobile:20|padding_right_mobile:20&#8243;][dfd_single_image image=&#8221;2651&#8243;][\/vc_column][\/vc_row][vc_row][vc_column dfd_column_responsive_enable=&#8221;dfd-column-responsive-enable&#8221; offset=&#8221;vc_col-xs-12&#8243; col_shadow=&#8221;box_shadow_enable:disable|shadow_horizontal:0|shadow_vertical:15|shadow_blur:50|shadow_spread:0|box_shadow_color:rgba(0%2C0%2C0%2C0.35)&#8221; col_shadow_hover=&#8221;box_shadow_enable:disable|shadow_horizontal:0|shadow_vertical:15|shadow_blur:50|shadow_spread:0|box_shadow_color:rgba(0%2C0%2C0%2C0.35)&#8221; responsive_styles=&#8221;padding_left_mobile:20|padding_right_mobile:20&#8243;][dfd_spacer screen_wide_spacer_size=&#8221;70&#8243; screen_normal_resolution=&#8221;1024&#8243; screen_tablet_resolution=&#8221;800&#8243; screen_mobile_resolution=&#8221;480&#8243;][dfd_heading subtitle=&#8221;&#8221; content_alignment=&#8221;text-left&#8221; enable_delimiter=&#8221;&#8221; undefined=&#8221;&#8221; title_font_options=&#8221;tag:h3|font_size:30|line_height:37&#8243; subtitle_font_options=&#8221;tag:div&#8221;]Dane <em class=\"dfd-textmodule-featured-decoration\">techniczne<br \/>\n<\/em>[\/dfd_heading][dfd_spacer screen_wide_spacer_size=&#8221;30&#8243; screen_normal_resolution=&#8221;1024&#8243; screen_tablet_resolution=&#8221;800&#8243; screen_mobile_resolution=&#8221;480&#8243;][vc_column_text]<div class='jtrt_table_MotherShipContainer'><div class='jtTableContainer jtrespo-scroll  ' ><div class='jtsettingcontainer' style='display:none;position:absolute;left:-9999px;'><textarea data-jtrt-table-id='2950' id='jtrt_table_settings_2950' cols='30' rows='10'>[[[null,null,null],[\"1.\",\"Wymiarowanie zewn\\u0119trzne\",\"6058x2438x2591 h\"],[\"2.\",\"Wymiarowanie wewn\\u0119trzne\",\"5758x2352x2385 h\"],[\"3.\",\"Wysoko\\u015b\\u0107 klapy od ziemi wewn\\u0105trz\",\"900\"],[\"4.\",\"Wymiary klapy\",\"3200x1000\"],[\"5.\",\"Waga bez wyposa\\u017cenia\",\"2 000 kg\"],[\"6.\",\"Maksymalna \\u0142adowno\\u015b\\u0107\",\"28 480 kg\"]],[{\"row\":0,\"col\":0,\"visualRow\":0,\"visualCol\":0,\"prop\":0},{\"row\":0,\"col\":1,\"visualRow\":0,\"visualCol\":1,\"prop\":1},{\"row\":0,\"col\":2,\"visualRow\":0,\"visualCol\":2,\"prop\":2},{\"row\":1,\"col\":0,\"visualRow\":1,\"visualCol\":0,\"prop\":0},{\"row\":1,\"col\":1,\"visualRow\":1,\"visualCol\":1,\"prop\":1,\"className\":\"htLeft\"},{\"row\":1,\"col\":2,\"visualRow\":1,\"visualCol\":2,\"prop\":2,\"className\":\"htCenter\"},{\"row\":2,\"col\":0,\"visualRow\":2,\"visualCol\":0,\"prop\":0},{\"row\":2,\"col\":1,\"visualRow\":2,\"visualCol\":1,\"prop\":1,\"className\":\"htLeft\"},{\"row\":2,\"col\":2,\"visualRow\":2,\"visualCol\":2,\"prop\":2,\"className\":\"htCenter\"},{\"row\":3,\"col\":0,\"visualRow\":3,\"visualCol\":0,\"prop\":0},{\"row\":3,\"col\":1,\"visualRow\":3,\"visualCol\":1,\"prop\":1,\"className\":\"htLeft\"},{\"row\":3,\"col\":2,\"visualRow\":3,\"visualCol\":2,\"prop\":2,\"className\":\"htCenter\"},{\"row\":4,\"col\":0,\"visualRow\":4,\"visualCol\":0,\"prop\":0},{\"row\":4,\"col\":1,\"visualRow\":4,\"visualCol\":1,\"prop\":1,\"className\":\"htLeft\"},{\"row\":4,\"col\":2,\"visualRow\":4,\"visualCol\":2,\"prop\":2,\"className\":\"htCenter\"},{\"row\":5,\"col\":0,\"visualRow\":5,\"visualCol\":0,\"prop\":0},{\"row\":5,\"col\":1,\"visualRow\":5,\"visualCol\":1,\"prop\":1,\"className\":\"htLeft\"},{\"row\":5,\"col\":2,\"visualRow\":5,\"visualCol\":2,\"prop\":2,\"className\":\"htCenter\"},{\"row\":6,\"col\":0,\"visualRow\":6,\"visualCol\":0,\"prop\":0},{\"row\":6,\"col\":1,\"visualRow\":6,\"visualCol\":1,\"prop\":1,\"className\":\"htLeft\"},{\"row\":6,\"col\":2,\"visualRow\":6,\"visualCol\":2,\"prop\":2,\"className\":\"htCenter\"}],[],[]]<\/textarea><textarea data-jtrt-table-id='2950' id='jtrt_table_bps_2950' cols='30' rows='10'>[]<\/textarea><\/div><table id='jtrt_table_2950' data-sorting='false' data-paging='false' data-paging-size='10' data-paging-menu='10,20,50,100' data-filtering='false' data-jtrt-table-id='2950' class='jtrt-table  ' ><thead><tr><th><\/th><th><\/th><th><\/th><\/tr><\/thead><tbody><tr><td>1.<\/td><td>Wymiarowanie zewn\u0119trzne<\/td><td>6058x2438x2591 h<\/td><\/tr><tr><td>2.<\/td><td>Wymiarowanie wewn\u0119trzne<\/td><td>5758x2352x2385 h<\/td><\/tr><tr><td>3.<\/td><td>Wysoko\u015b\u0107 klapy od ziemi wewn\u0105trz<\/td><td>900<\/td><\/tr><tr><td>4.<\/td><td>Wymiary klapy<\/td><td>3200x1000<\/td><\/tr><tr><td>5.<\/td><td>Waga bez wyposa\u017cenia<\/td><td>2 000 kg<\/td><\/tr><tr><td>6.<\/td><td>Maksymalna \u0142adowno\u015b\u0107<\/td><td>28 480 kg<\/td><\/tr><\/tbody><\/table><\/div><\/div>[\/vc_column_text][\/vc_column][\/vc_row][vc_row][vc_column dfd_column_responsive_enable=&#8221;dfd-column-responsive-enable&#8221; offset=&#8221;vc_col-xs-12&#8243; col_shadow=&#8221;box_shadow_enable:disable|shadow_horizontal:0|shadow_vertical:15|shadow_blur:50|shadow_spread:0|box_shadow_color:rgba(0%2C0%2C0%2C0.35)&#8221; col_shadow_hover=&#8221;box_shadow_enable:disable|shadow_horizontal:0|shadow_vertical:15|shadow_blur:50|shadow_spread:0|box_shadow_color:rgba(0%2C0%2C0%2C0.35)&#8221; responsive_styles=&#8221;padding_left_mobile:20|padding_right_mobile:20&#8243;][dfd_spacer screen_wide_spacer_size=&#8221;50&#8243; screen_normal_resolution=&#8221;1024&#8243; screen_tablet_resolution=&#8221;800&#8243; screen_mobile_resolution=&#8221;480&#8243; tutorials=&#8221;&#8221;][dfd_heading subtitle=&#8221;&#8221; content_alignment=&#8221;text-left&#8221; enable_delimiter=&#8221;&#8221; undefined=&#8221;&#8221; title_font_options=&#8221;tag:h3|font_size:30|line_height:37&#8243; subtitle_font_options=&#8221;tag:div&#8221;]Sprawd\u017a nasz\u0105 <em class=\"dfd-textmodule-featured-decoration\">ofert\u0119<br \/>\n<\/em>[\/dfd_heading][dfd_spacer screen_wide_spacer_size=&#8221;20&#8243; screen_normal_resolution=&#8221;1024&#8243; screen_tablet_resolution=&#8221;800&#8243; screen_mobile_resolution=&#8221;480&#8243;][dfd_blog_posts posts_to_show=&#8221;100&#8243; items_offset=&#8221;20&#8243; columns=&#8221;5&#8243; thumb_rounded=&#8221;6&#8243; show_sort_panel=&#8221;&#8221; post_show_top_cat=&#8221;&#8221; post_show_meta=&#8221;&#8221; post_show_content=&#8221;&#8221; post_show_author_box=&#8221;&#8221; post_content_style=&#8221;full&#8221; post_style=&#8221;fitRows&#8221; post_categories=&#8221;kontenery-gastronomiczne&#8221; el_class=&#8221;epps-blog-post&#8221;][dfd_spacer screen_wide_spacer_size=&#8221;70&#8243; screen_normal_resolution=&#8221;1024&#8243; screen_tablet_resolution=&#8221;800&#8243; screen_mobile_resolution=&#8221;480&#8243;][\/vc_column][\/vc_row][vc_row css=&#8221;.vc_custom_1498684023313{background-color: #f2f2f2 !important;}&#8221;][vc_column][dfd_spacer screen_wide_spacer_size=&#8221;70&#8243; screen_normal_resolution=&#8221;1024&#8243; screen_tablet_resolution=&#8221;800&#8243; screen_mobile_resolution=&#8221;480&#8243;][vc_row_inner][vc_column_inner width=&#8221;1\/2&#8243; dfd_column_responsive_enable=&#8221;dfd-column-responsive-enable&#8221; offset=&#8221;vc_col-xs-12&#8243; col_inner_shadow=&#8221;box_shadow_enable:disable|shadow_horizontal:0|shadow_vertical:15|shadow_blur:50|shadow_spread:0|box_shadow_color:rgba(0%2C0%2C0%2C0.35)&#8221; col_inner_shadow_hover=&#8221;box_shadow_enable:disable|shadow_horizontal:0|shadow_vertical:15|shadow_blur:50|shadow_spread:0|box_shadow_color:rgba(0%2C0%2C0%2C0.35)&#8221; responsive_styles=&#8221;padding_left_mobile:20|padding_right_mobile:20&#8243;][vc_column_text]<a href=\"https:\/\/dev.jggastro.com\/pdf\/katalogi\/katalog-kontenery-gastronomiczne\/katalog-kontenery-gastronomiczne-pl-web.pdf\" target=\"_blank\" rel=\"noopener noreferrer\"><img loading=\"lazy\" decoding=\"async\" class=\"alignleft wp-image-1119\" src=\"https:\/\/dev.jggastro.com\/pdf\/katalogi\/katalog-kontenery-gastronomiczne\/okladka-katalog-kontenery-gastronomiczne.jpg\" alt=\"\" width=\"389\" height=\"550\" \/><\/a>[\/vc_column_text][\/vc_column_inner][vc_column_inner width=&#8221;1\/2&#8243; dfd_column_responsive_enable=&#8221;dfd-column-responsive-enable&#8221; offset=&#8221;vc_col-xs-12&#8243; col_inner_shadow=&#8221;box_shadow_enable:disable|shadow_horizontal:0|shadow_vertical:15|shadow_blur:50|shadow_spread:0|box_shadow_color:rgba(0%2C0%2C0%2C0.35)&#8221; col_inner_shadow_hover=&#8221;box_shadow_enable:disable|shadow_horizontal:0|shadow_vertical:15|shadow_blur:50|shadow_spread:0|box_shadow_color:rgba(0%2C0%2C0%2C0.35)&#8221; responsive_styles=&#8221;padding_left_mobile:20|padding_right_mobile:20&#8243;][dfd_spacer screen_wide_spacer_size=&#8221;120&#8243; screen_normal_resolution=&#8221;1024&#8243; screen_tablet_resolution=&#8221;800&#8243; screen_mobile_resolution=&#8221;480&#8243;][dfd_heading subtitle=&#8221;&#8221; content_alignment=&#8221;text-left&#8221; enable_delimiter=&#8221;&#8221; undefined=&#8221;&#8221; title_font_options=&#8221;tag:h3&#8243; subtitle_font_options=&#8221;tag:div&#8221;]<em class=\"dfd-textmodule-featured-decoration\">Pobierz <\/em><strong>katalog<\/strong>[\/dfd_heading][dfd_spacer screen_wide_spacer_size=&#8221;20&#8243; screen_normal_resolution=&#8221;1024&#8243; screen_tablet_resolution=&#8221;800&#8243; screen_mobile_resolution=&#8221;480&#8243;][vc_column_text]Zapoznaj si\u0119 bli\u017cej z ofert\u0105 i miej j\u0105 zawsze pod r\u0119k\u0105.<\/p>\n<p>Je\u017celi b\u0119dziesz mie\u0107 dodatkowe pytania lub w\u0105tpliwo\u015bci, pami\u0119taj, \u017ce zawsze jeste\u015bmy do Twojej dyspozycji.[\/vc_column_text][dfd_spacer screen_wide_spacer_size=&#8221;50&#8243; screen_normal_resolution=&#8221;1024&#8243; screen_tablet_resolution=&#8221;800&#8243; screen_mobile_resolution=&#8221;480&#8243;][dfd_info_box title=&#8221;Pobierz katalog&#8221; subtitle=&#8221;3 335 kB&#8221; main_content=&#8221;&#8221; read_more=&#8221;box&#8221; ic_dfd_icons=&#8221;dfd-socicon-download-to-storage-drive&#8221; main_style=&#8221;style-2&#8243; main_layout=&#8221;layout-2&#8243; link=&#8221;url:https%3A%2F%2Fdev.jggastro.com%2Fpdf%2Fkatalogi%2Fkatalog-kontenery-gastronomiczne%2Fkatalog-kontenery-gastronomiczne-pl-web.pdf|target:_blank&#8221; undefined=&#8221;&#8221; icon_size=&#8221;30&#8243; icon_bg_size=&#8221;50&#8243; border_radius=&#8221;50&#8243; background_color=&#8221;#00205c&#8221; title_font_options=&#8221;tag:div&#8221; subtitle_font_options=&#8221;tag:div&#8221;][\/vc_column_inner][\/vc_row_inner][dfd_spacer screen_wide_spacer_size=&#8221;70&#8243; screen_normal_resolution=&#8221;1024&#8243; screen_tablet_resolution=&#8221;800&#8243; screen_mobile_resolution=&#8221;480&#8243;][\/vc_column][\/vc_row][vc_row][vc_column][dfd_spacer screen_wide_spacer_size=&#8221;50&#8243; screen_normal_resolution=&#8221;1024&#8243; screen_tablet_resolution=&#8221;800&#8243; screen_mobile_resolution=&#8221;480&#8243;][\/vc_column][\/vc_row]<\/p>\n<\/div>","protected":false},"excerpt":{"rendered":"<p>[vc_row][vc_column css=&#8221;.vc_custom_1495398815990{margin-top: -150px !important;}&#8221; col_shadow=&#8221;box_shadow_enable:disable|shadow_horizontal:0|shadow_vertical:15|shadow_blur:50|shadow_spread:0|box_shadow_color:rgba(0%2C0%2C0%2C0.35)&#8221; col_shadow_hover=&#8221;box_shadow_enable:disable|shadow_horizontal:0|shadow_vertical:15|shadow_blur:50|shadow_spread:0|box_shadow_color:rgba(0%2C0%2C0%2C0.35)&#8221;][vc_row_inner][vc_column_inner css=&#8221;.vc_custom_1495837804759{padding-right: 25px !important;padding-left: 25px !important;background-color: #f2f2f2 !important;}&#8221; col_inner_shadow=&#8221;box_shadow_enable:disable|shadow_horizontal:0|shadow_vertical:15|shadow_blur:50|shadow_spread:0|box_shadow_color:rgba(0%2C0%2C0%2C0.35)&#8221; col_inner_shadow_hover=&#8221;box_shadow_enable:disable|shadow_horizontal:0|shadow_vertical:15|shadow_blur:50|shadow_spread:0|box_shadow_color:rgba(0%2C0%2C0%2C0.35)&#8221;][dfd_spacer screen_wide_spacer_size=&#8221;40&#8243; screen_normal_resolution=&#8221;1024&#8243; screen_tablet_resolution=&#8221;800&#8243; screen_mobile_resolution=&#8221;480&#8243;][dfd_heading subtitle=&#8221;&#8221; content_alignment=&#8221;text-left&#8221; enable_delimiter=&#8221;&#8221; undefined=&#8221;&#8221; title_font_options=&#8221;tag:h3|font_size:30|line_height:37&#8243; subtitle_font_options=&#8221;tag:div&#8221;]Dlaczego warto nas wybra\u0107? [\/dfd_heading][dfd_spacer screen_wide_spacer_size=&#8221;20&#8243;<\/p>\n","protected":false},"author":1,"featured_media":965,"parent":0,"menu_order":0,"comment_status":"closed","ping_status":"closed","template":"tmp-page.php","meta":{"footnotes":""},"yoast_head":"<!-- This site is optimized with the Yoast SEO plugin v22.2 - https:\/\/yoast.com\/wordpress\/plugins\/seo\/ -->\n<title>Kontenery gastronomiczne - JG Gastro | To inspire innovation and creativity<\/title>\n<meta name=\"robots\" content=\"index, follow, max-snippet:-1, max-image-preview:large, max-video-preview:-1\" \/>\n<link rel=\"canonical\" href=\"https:\/\/dev.jggastro.com\/mobile\/pl\/kontenery-gastronomiczne\/\" \/>\n<meta property=\"og:locale\" content=\"pl_PL\" \/>\n<meta property=\"og:type\" content=\"article\" \/>\n<meta property=\"og:title\" content=\"Kontenery gastronomiczne - JG Gastro | To inspire innovation and creativity\" \/>\n<meta property=\"og:description\" content=\"[vc_row][vc_column css=&#8221;.vc_custom_1495398815990{margin-top: -150px !important;}&#8221; col_shadow=&#8221;box_shadow_enable:disable|shadow_horizontal:0|shadow_vertical:15|shadow_blur:50|shadow_spread:0|box_shadow_color:rgba(0%2C0%2C0%2C0.35)&#8221; col_shadow_hover=&#8221;box_shadow_enable:disable|shadow_horizontal:0|shadow_vertical:15|shadow_blur:50|shadow_spread:0|box_shadow_color:rgba(0%2C0%2C0%2C0.35)&#8221;][vc_row_inner][vc_column_inner css=&#8221;.vc_custom_1495837804759{padding-right: 25px !important;padding-left: 25px !important;background-color: #f2f2f2 !important;}&#8221; col_inner_shadow=&#8221;box_shadow_enable:disable|shadow_horizontal:0|shadow_vertical:15|shadow_blur:50|shadow_spread:0|box_shadow_color:rgba(0%2C0%2C0%2C0.35)&#8221; col_inner_shadow_hover=&#8221;box_shadow_enable:disable|shadow_horizontal:0|shadow_vertical:15|shadow_blur:50|shadow_spread:0|box_shadow_color:rgba(0%2C0%2C0%2C0.35)&#8221;][dfd_spacer screen_wide_spacer_size=&#8221;40&#8243; screen_normal_resolution=&#8221;1024&#8243; screen_tablet_resolution=&#8221;800&#8243; screen_mobile_resolution=&#8221;480&#8243;][dfd_heading subtitle=&#8221;&#8221; content_alignment=&#8221;text-left&#8221; enable_delimiter=&#8221;&#8221; undefined=&#8221;&#8221; title_font_options=&#8221;tag:h3|font_size:30|line_height:37&#8243; subtitle_font_options=&#8221;tag:div&#8221;]Dlaczego warto nas wybra\u0107? [\/dfd_heading][dfd_spacer screen_wide_spacer_size=&#8221;20&#8243;\" \/>\n<meta property=\"og:url\" content=\"https:\/\/dev.jggastro.com\/mobile\/pl\/kontenery-gastronomiczne\/\" \/>\n<meta property=\"og:site_name\" content=\"JG Gastro | To inspire innovation and creativity\" \/>\n<meta property=\"article:modified_time\" content=\"2022-02-24T08:22:38+00:00\" \/>\n<meta name=\"twitter:card\" content=\"summary_large_image\" \/>\n<meta name=\"twitter:image\" content=\"https:\/\/dev.jggastro.com\/mobile\/wp-content\/uploads\/2021\/05\/Przyczepa-1.jpg\" \/>\n<meta name=\"twitter:label1\" content=\"Szacowany czas czytania\" \/>\n\t<meta name=\"twitter:data1\" content=\"2 minuty\" \/>\n<script type=\"application\/ld+json\" class=\"yoast-schema-graph\">{\"@context\":\"https:\/\/schema.org\",\"@graph\":[{\"@type\":\"WebPage\",\"@id\":\"https:\/\/dev.jggastro.com\/mobile\/pl\/kontenery-gastronomiczne\/\",\"url\":\"https:\/\/dev.jggastro.com\/mobile\/pl\/kontenery-gastronomiczne\/\",\"name\":\"Kontenery gastronomiczne - JG Gastro | To inspire innovation and creativity\",\"isPartOf\":{\"@id\":\"https:\/\/dev.jggastro.com\/mobile\/#website\"},\"primaryImageOfPage\":{\"@id\":\"https:\/\/dev.jggastro.com\/mobile\/pl\/kontenery-gastronomiczne\/#primaryimage\"},\"image\":{\"@id\":\"https:\/\/dev.jggastro.com\/mobile\/pl\/kontenery-gastronomiczne\/#primaryimage\"},\"thumbnailUrl\":\"https:\/\/dev.jggastro.com\/mobile\/wp-content\/uploads\/2021\/05\/Przyczepa-1.jpg\",\"datePublished\":\"2022-02-17T09:03:26+00:00\",\"dateModified\":\"2022-02-24T08:22:38+00:00\",\"inLanguage\":\"pl-PL\",\"potentialAction\":[{\"@type\":\"ReadAction\",\"target\":[\"https:\/\/dev.jggastro.com\/mobile\/pl\/kontenery-gastronomiczne\/\"]}]},{\"@type\":\"ImageObject\",\"inLanguage\":\"pl-PL\",\"@id\":\"https:\/\/dev.jggastro.com\/mobile\/pl\/kontenery-gastronomiczne\/#primaryimage\",\"url\":\"https:\/\/dev.jggastro.com\/mobile\/wp-content\/uploads\/2021\/05\/Przyczepa-1.jpg\",\"contentUrl\":\"https:\/\/dev.jggastro.com\/mobile\/wp-content\/uploads\/2021\/05\/Przyczepa-1.jpg\"},{\"@type\":\"WebSite\",\"@id\":\"https:\/\/dev.jggastro.com\/mobile\/#website\",\"url\":\"https:\/\/dev.jggastro.com\/mobile\/\",\"name\":\"JG Gastro | To inspire innovation and creativity\",\"description\":\"\",\"potentialAction\":[{\"@type\":\"SearchAction\",\"target\":{\"@type\":\"EntryPoint\",\"urlTemplate\":\"https:\/\/dev.jggastro.com\/mobile\/?s={search_term_string}\"},\"query-input\":\"required name=search_term_string\"}],\"inLanguage\":\"pl-PL\"}]}<\/script>\n<!-- \/ Yoast SEO plugin. -->","yoast_head_json":{"title":"Kontenery gastronomiczne - JG Gastro | To inspire innovation and creativity","robots":{"index":"index","follow":"follow","max-snippet":"max-snippet:-1","max-image-preview":"max-image-preview:large","max-video-preview":"max-video-preview:-1"},"canonical":"https:\/\/dev.jggastro.com\/mobile\/pl\/kontenery-gastronomiczne\/","og_locale":"pl_PL","og_type":"article","og_title":"Kontenery gastronomiczne - JG Gastro | To inspire innovation and creativity","og_description":"[vc_row][vc_column css=&#8221;.vc_custom_1495398815990{margin-top: -150px !important;}&#8221; col_shadow=&#8221;box_shadow_enable:disable|shadow_horizontal:0|shadow_vertical:15|shadow_blur:50|shadow_spread:0|box_shadow_color:rgba(0%2C0%2C0%2C0.35)&#8221; col_shadow_hover=&#8221;box_shadow_enable:disable|shadow_horizontal:0|shadow_vertical:15|shadow_blur:50|shadow_spread:0|box_shadow_color:rgba(0%2C0%2C0%2C0.35)&#8221;][vc_row_inner][vc_column_inner css=&#8221;.vc_custom_1495837804759{padding-right: 25px !important;padding-left: 25px !important;background-color: #f2f2f2 !important;}&#8221; col_inner_shadow=&#8221;box_shadow_enable:disable|shadow_horizontal:0|shadow_vertical:15|shadow_blur:50|shadow_spread:0|box_shadow_color:rgba(0%2C0%2C0%2C0.35)&#8221; col_inner_shadow_hover=&#8221;box_shadow_enable:disable|shadow_horizontal:0|shadow_vertical:15|shadow_blur:50|shadow_spread:0|box_shadow_color:rgba(0%2C0%2C0%2C0.35)&#8221;][dfd_spacer screen_wide_spacer_size=&#8221;40&#8243; screen_normal_resolution=&#8221;1024&#8243; screen_tablet_resolution=&#8221;800&#8243; screen_mobile_resolution=&#8221;480&#8243;][dfd_heading subtitle=&#8221;&#8221; content_alignment=&#8221;text-left&#8221; enable_delimiter=&#8221;&#8221; undefined=&#8221;&#8221; title_font_options=&#8221;tag:h3|font_size:30|line_height:37&#8243; subtitle_font_options=&#8221;tag:div&#8221;]Dlaczego warto nas wybra\u0107? [\/dfd_heading][dfd_spacer screen_wide_spacer_size=&#8221;20&#8243;","og_url":"https:\/\/dev.jggastro.com\/mobile\/pl\/kontenery-gastronomiczne\/","og_site_name":"JG Gastro | To inspire innovation and creativity","article_modified_time":"2022-02-24T08:22:38+00:00","twitter_card":"summary_large_image","twitter_image":"https:\/\/dev.jggastro.com\/mobile\/wp-content\/uploads\/2021\/05\/Przyczepa-1.jpg","twitter_misc":{"Szacowany czas czytania":"2 minuty"},"schema":{"@context":"https:\/\/schema.org","@graph":[{"@type":"WebPage","@id":"https:\/\/dev.jggastro.com\/mobile\/pl\/kontenery-gastronomiczne\/","url":"https:\/\/dev.jggastro.com\/mobile\/pl\/kontenery-gastronomiczne\/","name":"Kontenery gastronomiczne - JG Gastro | To inspire innovation and creativity","isPartOf":{"@id":"https:\/\/dev.jggastro.com\/mobile\/#website"},"primaryImageOfPage":{"@id":"https:\/\/dev.jggastro.com\/mobile\/pl\/kontenery-gastronomiczne\/#primaryimage"},"image":{"@id":"https:\/\/dev.jggastro.com\/mobile\/pl\/kontenery-gastronomiczne\/#primaryimage"},"thumbnailUrl":"https:\/\/dev.jggastro.com\/mobile\/wp-content\/uploads\/2021\/05\/Przyczepa-1.jpg","datePublished":"2022-02-17T09:03:26+00:00","dateModified":"2022-02-24T08:22:38+00:00","inLanguage":"pl-PL","potentialAction":[{"@type":"ReadAction","target":["https:\/\/dev.jggastro.com\/mobile\/pl\/kontenery-gastronomiczne\/"]}]},{"@type":"ImageObject","inLanguage":"pl-PL","@id":"https:\/\/dev.jggastro.com\/mobile\/pl\/kontenery-gastronomiczne\/#primaryimage","url":"https:\/\/dev.jggastro.com\/mobile\/wp-content\/uploads\/2021\/05\/Przyczepa-1.jpg","contentUrl":"https:\/\/dev.jggastro.com\/mobile\/wp-content\/uploads\/2021\/05\/Przyczepa-1.jpg"},{"@type":"WebSite","@id":"https:\/\/dev.jggastro.com\/mobile\/#website","url":"https:\/\/dev.jggastro.com\/mobile\/","name":"JG Gastro | To inspire innovation and creativity","description":"","potentialAction":[{"@type":"SearchAction","target":{"@type":"EntryPoint","urlTemplate":"https:\/\/dev.jggastro.com\/mobile\/?s={search_term_string}"},"query-input":"required name=search_term_string"}],"inLanguage":"pl-PL"}]}},"_links":{"self":[{"href":"https:\/\/dev.jggastro.com\/mobile\/wp-json\/wp\/v2\/pages\/2924"}],"collection":[{"href":"https:\/\/dev.jggastro.com\/mobile\/wp-json\/wp\/v2\/pages"}],"about":[{"href":"https:\/\/dev.jggastro.com\/mobile\/wp-json\/wp\/v2\/types\/page"}],"author":[{"embeddable":true,"href":"https:\/\/dev.jggastro.com\/mobile\/wp-json\/wp\/v2\/users\/1"}],"replies":[{"embeddable":true,"href":"https:\/\/dev.jggastro.com\/mobile\/wp-json\/wp\/v2\/comments?post=2924"}],"version-history":[{"count":9,"href":"https:\/\/dev.jggastro.com\/mobile\/wp-json\/wp\/v2\/pages\/2924\/revisions"}],"predecessor-version":[{"id":2955,"href":"https:\/\/dev.jggastro.com\/mobile\/wp-json\/wp\/v2\/pages\/2924\/revisions\/2955"}],"wp:featuredmedia":[{"embeddable":true,"href":"https:\/\/dev.jggastro.com\/mobile\/wp-json\/"}],"wp:attachment":[{"href":"https:\/\/dev.jggastro.com\/mobile\/wp-json\/wp\/v2\/media?parent=2924"}],"curies":[{"name":"wp","href":"https:\/\/api.w.org\/{rel}","templated":true}]}}