{"id":50,"date":"2021-07-02T10:10:53","date_gmt":"2021-07-02T08:10:53","guid":{"rendered":"https:\/\/dev.jggastro.com\/gastro\/?page_id=50"},"modified":"2023-03-09T10:16:29","modified_gmt":"2023-03-09T09:16:29","slug":"kontakt","status":"publish","type":"page","link":"https:\/\/dev.jggastro.com\/gastro\/pl\/kontakt\/","title":{"rendered":"Kontakt"},"content":{"rendered":"<div class=\"wpb-content-wrapper\"><p>[vc_row css=&#8221;.vc_custom_1529495917491{margin-top: 70px !important;margin-bottom: 70px !important;}&#8221;][vc_column width=&#8221;1\/2&#8243; css=&#8221;.vc_custom_1627557749158{padding-right: 15px !important;padding-left: 15px !important;}&#8221; col_shadow=&#8221;box_shadow_enable:disable|shadow_horizontal:0|shadow_vertical:15|shadow_blur:50|shadow_spread:0|box_shadow_color:rgba(0%2C0%2C0%2C0.35)&#8221; col_shadow_hover=&#8221;box_shadow_enable:disable|shadow_horizontal:0|shadow_vertical:15|shadow_blur:50|shadow_spread:0|box_shadow_color:rgba(0%2C0%2C0%2C0.35)&#8221; offset=&#8221;vc_col-xs-12&#8243;][dfd_heading subtitle=&#8221;&#8221; enable_delimiter=&#8221;&#8221; undefined=&#8221;&#8221; title_font_options=&#8221;tag:h3|font_size:30|color:%2300205c|line_height:60&#8243; subtitle_font_options=&#8221;tag:div&#8221; title_responsive=&#8221;font_size_desktop:28|font_size_tablet:26|font_size_mobile:24&#8243;]<em class=\"dfd-textmodule-featured-decoration\">Skontaktuj si\u0119<\/em> z nami![\/dfd_heading][dfd_spacer screen_wide_spacer_size=&#8221;30&#8243; screen_normal_resolution=&#8221;1024&#8243; screen_tablet_resolution=&#8221;800&#8243; screen_mobile_resolution=&#8221;480&#8243;][dfd_icon_list icon_align=&#8221;icon-center&#8221; list_fields=&#8221;%5B%7B%22icon_type%22%3A%22selector%22%2C%22select_icon%22%3A%22dfd_icons%22%2C%22ic_dfd_icons%22%3A%22dfd-socicon-map-marker%22%2C%22text_content%22%3A%22ul.%20Krakowska%2018%2C%2032-040%20%C5%9Awi%C4%85tniki%20G%C3%B3rne%22%7D%2C%7B%22icon_type%22%3A%22selector%22%2C%22select_icon%22%3A%22dfd_icons%22%2C%22ic_dfd_icons%22%3A%22dfd-socicon-telephone-handle-silhouette%22%2C%22text_content%22%3A%22%2B48%2012%20658%2021%2009%22%2C%22link_box%22%3A%22link_b%22%2C%22link%22%3A%22url%3Atel%253A%252B48%252012%2520658%252021%252009%22%7D%2C%7B%22icon_type%22%3A%22selector%22%2C%22select_icon%22%3A%22dfd_icons%22%2C%22ic_dfd_icons%22%3A%22dfd-socicon-telephone-handle-silhouette%22%2C%22text_content%22%3A%22%2B48%20887%20448%20836%22%2C%22link_box%22%3A%22link_b%22%2C%22link%22%3A%22url%3Atel%253A%252B48%2520887%2520448%2520834%22%7D%2C%7B%22icon_type%22%3A%22selector%22%2C%22select_icon%22%3A%22dfd_icons%22%2C%22ic_dfd_icons%22%3A%22dfd-socicon-gmail%22%2C%22text_content%22%3A%22info%40dev.jggastro.com%22%2C%22link_box%22%3A%22link_b%22%2C%22link%22%3A%22url%3Amialto%253Ainfo%2540dev.jggastro.com%22%7D%5D&#8221; main_style=&#8221;style-1&#8243; font_options=&#8221;tag:div|font_size:14|font_style_bold:1&#8243; tutorials=&#8221;&#8221;][dfd_spacer screen_wide_spacer_size=&#8221;30&#8243; screen_normal_resolution=&#8221;1024&#8243; screen_tablet_resolution=&#8221;800&#8243; screen_mobile_resolution=&#8221;480&#8243;][vc_row_inner][vc_column_inner width=&#8221;1\/3&#8243; offset=&#8221;vc_col-xs-12&#8243; col_inner_shadow=&#8221;box_shadow_enable:disable|shadow_horizontal:0|shadow_vertical:15|shadow_blur:50|shadow_spread:0|box_shadow_color:rgba(0%2C0%2C0%2C0.35)&#8221; col_inner_shadow_hover=&#8221;box_shadow_enable:disable|shadow_horizontal:0|shadow_vertical:15|shadow_blur:50|shadow_spread:0|box_shadow_color:rgba(0%2C0%2C0%2C0.35)&#8221;][dfd_icon_list icon_align=&#8221;icon-center&#8221; list_fields=&#8221;%5B%7B%22icon_type%22%3A%22selector%22%2C%22select_icon%22%3A%22dfd_icons%22%2C%22ic_dfd_icons%22%3A%22dfd-socicon-map-marker%22%2C%22text_content%22%3A%22Mobilna%20gastronomia%22%7D%2C%7B%22icon_type%22%3A%22selector%22%2C%22select_icon%22%3A%22dfd_icons%22%2C%22ic_dfd_icons%22%3A%22dfd-socicon-telephone-handle-silhouette%22%2C%22text_content%22%3A%22wewn%C4%99trzny%2020%22%7D%2C%7B%22icon_type%22%3A%22selector%22%2C%22select_icon%22%3A%22dfd_icons%22%2C%22ic_dfd_icons%22%3A%22dfd-socicon-gmail%22%2C%22text_content%22%3A%22mobile%40dev.jggastro.com%22%2C%22link_box%22%3A%22link_b%22%2C%22link%22%3A%22url%3Amailto%253Amobile%2540dev.jggastro.com%22%7D%5D&#8221; main_style=&#8221;style-1&#8243; font_options=&#8221;tag:div|font_size:14|font_style_bold:1&#8243;][\/vc_column_inner][vc_column_inner width=&#8221;1\/3&#8243; offset=&#8221;vc_col-xs-12&#8243; col_inner_shadow=&#8221;box_shadow_enable:disable|shadow_horizontal:0|shadow_vertical:15|shadow_blur:50|shadow_spread:0|box_shadow_color:rgba(0%2C0%2C0%2C0.35)&#8221; col_inner_shadow_hover=&#8221;box_shadow_enable:disable|shadow_horizontal:0|shadow_vertical:15|shadow_blur:50|shadow_spread:0|box_shadow_color:rgba(0%2C0%2C0%2C0.35)&#8221;][dfd_icon_list icon_align=&#8221;icon-center&#8221; list_fields=&#8221;%5B%7B%22icon_type%22%3A%22selector%22%2C%22select_icon%22%3A%22dfd_icons%22%2C%22ic_dfd_icons%22%3A%22dfd-socicon-map-marker%22%2C%22text_content%22%3A%22Wyposa%C5%BCenie%20gastronomii%20%26%20Projekty%22%7D%2C%7B%22icon_type%22%3A%22selector%22%2C%22select_icon%22%3A%22dfd_icons%22%2C%22ic_dfd_icons%22%3A%22dfd-socicon-telephone-handle-silhouette%22%2C%22text_content%22%3A%22wewn%C4%99trzny%2030%22%7D%2C%7B%22icon_type%22%3A%22selector%22%2C%22select_icon%22%3A%22dfd_icons%22%2C%22ic_dfd_icons%22%3A%22dfd-socicon-gmail%22%2C%22text_content%22%3A%22info%40dev.jggastro.com%22%2C%22link_box%22%3A%22link_b%22%2C%22link%22%3A%22url%3Amailto%253Ainfo%2540dev.jggastro.com%22%7D%5D&#8221; main_style=&#8221;style-1&#8243; font_options=&#8221;tag:div|font_size:14|font_style_bold:1&#8243;][\/vc_column_inner][vc_column_inner width=&#8221;1\/3&#8243; offset=&#8221;vc_col-xs-12&#8243; col_inner_shadow=&#8221;box_shadow_enable:disable|shadow_horizontal:0|shadow_vertical:15|shadow_blur:50|shadow_spread:0|box_shadow_color:rgba(0%2C0%2C0%2C0.35)&#8221; col_inner_shadow_hover=&#8221;box_shadow_enable:disable|shadow_horizontal:0|shadow_vertical:15|shadow_blur:50|shadow_spread:0|box_shadow_color:rgba(0%2C0%2C0%2C0.35)&#8221;][dfd_icon_list icon_align=&#8221;icon-center&#8221; list_fields=&#8221;%5B%7B%22icon_type%22%3A%22selector%22%2C%22select_icon%22%3A%22dfd_icons%22%2C%22ic_dfd_icons%22%3A%22dfd-socicon-map-marker%22%2C%22text_content%22%3A%22Wypo%C5%BCyczalnia%20gastronomiczna%22%7D%2C%7B%22icon_type%22%3A%22selector%22%2C%22select_icon%22%3A%22dfd_icons%22%2C%22ic_dfd_icons%22%3A%22dfd-socicon-telephone-handle-silhouette%22%2C%22text_content%22%3A%22wewn%C4%99trzny%2040%22%7D%2C%7B%22icon_type%22%3A%22selector%22%2C%22select_icon%22%3A%22dfd_icons%22%2C%22ic_dfd_icons%22%3A%22dfd-socicon-gmail%22%2C%22text_content%22%3A%22rental%40dev.jggastro.com%22%2C%22link_box%22%3A%22link_b%22%2C%22link%22%3A%22url%3Amailto%253Arental%2540dev.jggastro.com%22%7D%5D&#8221; main_style=&#8221;style-1&#8243; font_options=&#8221;tag:div|font_size:14|font_style_bold:1&#8243;][\/vc_column_inner][\/vc_row_inner][dfd_spacer screen_wide_spacer_size=&#8221;30&#8243; screen_normal_resolution=&#8221;1024&#8243; screen_tablet_resolution=&#8221;800&#8243; screen_mobile_resolution=&#8221;480&#8243;][vc_row_inner][vc_column_inner width=&#8221;1\/4&#8243; offset=&#8221;vc_col-xs-12&#8243; col_inner_shadow=&#8221;box_shadow_enable:disable|shadow_horizontal:0|shadow_vertical:15|shadow_blur:50|shadow_spread:0|box_shadow_color:rgba(0%2C0%2C0%2C0.35)&#8221; col_inner_shadow_hover=&#8221;box_shadow_enable:disable|shadow_horizontal:0|shadow_vertical:15|shadow_blur:50|shadow_spread:0|box_shadow_color:rgba(0%2C0%2C0%2C0.35)&#8221;][dfd_info_box title=&#8221;&#8221; subtitle=&#8221;&#8221; main_content=&#8221;&#8221; read_more=&#8221;box&#8221; icon_type=&#8221;custom&#8221; main_style=&#8221;style-1&#8243; main_layout=&#8221;layout-1&#8243; undefined=&#8221;&#8221; icon_image_id=&#8221;653&#8243; link=&#8221;url:https%3A%2F%2Fwww.youtube.com%2Fchannel%2FUCpF1mObV3_el0k5Jq6-kH6A|target:_blank&#8221;][dfd_heading subtitle=&#8221;&#8221; enable_delimiter=&#8221;&#8221; undefined=&#8221;&#8221; title_font_options=&#8221;tag:h2|font_size:14|color:%2300205c|letter_spacing:1&#8243; subtitle_font_options=&#8221;tag:div&#8221; el_class=&#8221;block-height&#8221;]<a href=\"https:\/\/www.youtube.com\/channel\/UCpF1mObV3_el0k5Jq6-kH6A\" target=\"_blank\" rel=\"noopener\">YOUTUBE<\/a>[\/dfd_heading][dfd_heading subtitle=&#8221;&#8221; enable_delimiter=&#8221;&#8221; undefined=&#8221;&#8221; title_font_options=&#8221;tag:h2|font_size:14|color:%2300205c|letter_spacing:1&#8243; subtitle_font_options=&#8221;tag:div&#8221;]<a href=\"https:\/\/www.youtube.com\/channel\/UCpF1mObV3_el0k5Jq6-kH6A\" target=\"_blank\" rel=\"noopener\">Subskrybuj nasz kana\u0142<\/a>[\/dfd_heading][\/vc_column_inner][vc_column_inner width=&#8221;1\/4&#8243; offset=&#8221;vc_col-xs-12&#8243; col_inner_shadow=&#8221;box_shadow_enable:disable|shadow_horizontal:0|shadow_vertical:15|shadow_blur:50|shadow_spread:0|box_shadow_color:rgba(0%2C0%2C0%2C0.35)&#8221; col_inner_shadow_hover=&#8221;box_shadow_enable:disable|shadow_horizontal:0|shadow_vertical:15|shadow_blur:50|shadow_spread:0|box_shadow_color:rgba(0%2C0%2C0%2C0.35)&#8221;][dfd_info_box title=&#8221;&#8221; subtitle=&#8221;&#8221; main_content=&#8221;&#8221; read_more=&#8221;box&#8221; icon_type=&#8221;custom&#8221; main_style=&#8221;style-1&#8243; main_layout=&#8221;layout-1&#8243; undefined=&#8221;&#8221; icon_image_id=&#8221;698&#8243; link=&#8221;url:https%3A%2F%2Fwww.facebook.com%2Fjggastro|target:_blank&#8221;][dfd_heading subtitle=&#8221;&#8221; enable_delimiter=&#8221;&#8221; undefined=&#8221;&#8221; title_font_options=&#8221;tag:h2|font_size:14|color:%2300205c|letter_spacing:1&#8243; subtitle_font_options=&#8221;tag:div&#8221; el_class=&#8221;block-height&#8221;]<a href=\"https:\/\/www.facebook.com\/jggastro\" target=\"_blank\" rel=\"noopener\">FACEBOOK<\/a>[\/dfd_heading][dfd_heading subtitle=&#8221;&#8221; enable_delimiter=&#8221;&#8221; undefined=&#8221;&#8221; title_font_options=&#8221;tag:h2|font_size:14|color:%2300205c|letter_spacing:1&#8243; subtitle_font_options=&#8221;tag:div&#8221;]<a href=\"https:\/\/www.facebook.com\/jggastro\" target=\"_blank\" rel=\"noopener\">Obserwuj nasz profil<\/a>[\/dfd_heading][\/vc_column_inner][vc_column_inner width=&#8221;1\/4&#8243; offset=&#8221;vc_col-xs-12&#8243; col_inner_shadow=&#8221;box_shadow_enable:disable|shadow_horizontal:0|shadow_vertical:15|shadow_blur:50|shadow_spread:0|box_shadow_color:rgba(0%2C0%2C0%2C0.35)&#8221; col_inner_shadow_hover=&#8221;box_shadow_enable:disable|shadow_horizontal:0|shadow_vertical:15|shadow_blur:50|shadow_spread:0|box_shadow_color:rgba(0%2C0%2C0%2C0.35)&#8221;][dfd_info_box title=&#8221;&#8221; subtitle=&#8221;&#8221; main_content=&#8221;&#8221; read_more=&#8221;box&#8221; icon_type=&#8221;custom&#8221; main_style=&#8221;style-1&#8243; main_layout=&#8221;layout-1&#8243; undefined=&#8221;&#8221; icon_image_id=&#8221;700&#8243; link=&#8221;url:https%3A%2F%2Fwww.instagram.com%2Fjg_gastro%2F|target:_blank&#8221;][dfd_heading subtitle=&#8221;&#8221; enable_delimiter=&#8221;&#8221; undefined=&#8221;&#8221; title_font_options=&#8221;tag:h2|font_size:14|color:%2300205c|letter_spacing:1&#8243; subtitle_font_options=&#8221;tag:div&#8221; el_class=&#8221;block-height&#8221;]<a href=\"https:\/\/www.instagram.com\/jg_gastro\/\" target=\"_blank\" rel=\"noopener\">INSTAGRAM<\/a>[\/dfd_heading][dfd_heading subtitle=&#8221;&#8221; enable_delimiter=&#8221;&#8221; undefined=&#8221;&#8221; title_font_options=&#8221;tag:h2|font_size:14|color:%2300205c|letter_spacing:1&#8243; subtitle_font_options=&#8221;tag:div&#8221;]<a href=\"https:\/\/www.instagram.com\/jg_gastro\/\" target=\"_blank\" rel=\"noopener\">B\u0105d\u017a na bie\u017c\u0105co<\/a>[\/dfd_heading][\/vc_column_inner][vc_column_inner width=&#8221;1\/4&#8243; offset=&#8221;vc_col-xs-12&#8243; col_inner_shadow=&#8221;box_shadow_enable:disable|shadow_horizontal:0|shadow_vertical:15|shadow_blur:50|shadow_spread:0|box_shadow_color:rgba(0%2C0%2C0%2C0.35)&#8221; col_inner_shadow_hover=&#8221;box_shadow_enable:disable|shadow_horizontal:0|shadow_vertical:15|shadow_blur:50|shadow_spread:0|box_shadow_color:rgba(0%2C0%2C0%2C0.35)&#8221;][dfd_info_box title=&#8221;&#8221; subtitle=&#8221;&#8221; main_content=&#8221;&#8221; read_more=&#8221;box&#8221; icon_type=&#8221;custom&#8221; main_style=&#8221;style-1&#8243; main_layout=&#8221;layout-1&#8243; undefined=&#8221;&#8221; icon_image_id=&#8221;696&#8243; link=&#8221;url:https%3A%2F%2Fpl.pinterest.com%2Fjggastro%2F|target:_blank&#8221;][dfd_heading subtitle=&#8221;&#8221; enable_delimiter=&#8221;&#8221; undefined=&#8221;&#8221; title_font_options=&#8221;tag:h2|font_size:14|color:%2300205c|letter_spacing:1&#8243; subtitle_font_options=&#8221;tag:div&#8221; el_class=&#8221;block-height&#8221;]<a href=\"https:\/\/pl.pinterest.com\/jggastro\/\" target=\"_blank\" rel=\"noopener\">PINTEREST<\/a>[\/dfd_heading][dfd_heading subtitle=&#8221;&#8221; enable_delimiter=&#8221;&#8221; undefined=&#8221;&#8221; title_font_options=&#8221;tag:h2|font_size:14|color:%2300205c|letter_spacing:1&#8243; subtitle_font_options=&#8221;tag:div&#8221;]<a href=\"https:\/\/pl.pinterest.com\/jggastro\/\" target=\"_blank\" rel=\"noopener\">Szukaj gotowych inspiracji<\/a>[\/dfd_heading][\/vc_column_inner][\/vc_row_inner][dfd_spacer screen_wide_spacer_size=&#8221;60&#8243; screen_normal_resolution=&#8221;1024&#8243; screen_tablet_resolution=&#8221;800&#8243; screen_mobile_resolution=&#8221;480&#8243;][vc_raw_js]JTNDc2NyaXB0JTIwZGF0YS1iMjQtZm9ybSUzRCUyMmlubGluZSUyRjUyJTJGejR0ZTh4JTIyJTIwZGF0YS1za2lwLW1vdmluZyUzRCUyMnRydWUlMjIlM0UlMEElMEElMjAlMjAlMjAlMjhmdW5jdGlvbiUyOHclMkNkJTJDdSUyOSU3QiUwQSUwQSUyMCUyMCUyMCUyMCUyMCUyMHZhciUyMHMlM0RkLmNyZWF0ZUVsZW1lbnQlMjglMjdzY3JpcHQlMjclMjklM0JzLmFzeW5jJTNEdHJ1ZSUzQnMuc3JjJTNEdSUyQiUyNyUzRiUyNyUyQiUyOERhdGUubm93JTI4JTI5JTJGMTgwMDAwJTdDMCUyOSUzQiUwQSUwQSUyMCUyMCUyMCUyMCUyMCUyMHZhciUyMGglM0RkLmdldEVsZW1lbnRzQnlUYWdOYW1lJTI4JTI3c2NyaXB0JTI3JTI5JTVCMCU1RCUzQmgucGFyZW50Tm9kZS5pbnNlcnRCZWZvcmUlMjhzJTJDaCUyOSUzQiUwQSUwQSUyMCUyMCUyMCU3RCUyOSUyOHdpbmRvdyUyQ2RvY3VtZW50JTJDJTI3aHR0cHMlM0ElMkYlMkZjZG4uYml0cml4MjQucGwlMkZiMjE4NDgzODMlMkZjcm0lMkZmb3JtJTJGbG9hZGVyXzUyLmpzJTI3JTI5JTNCJTBBJTBBJTNDJTJGc2NyaXB0JTNF[\/vc_raw_js][\/vc_column][vc_column width=&#8221;1\/2&#8243; offset=&#8221;vc_col-xs-12&#8243; col_shadow=&#8221;box_shadow_enable:disable|shadow_horizontal:0|shadow_vertical:15|shadow_blur:50|shadow_spread:0|box_shadow_color:rgba(0%2C0%2C0%2C0.35)&#8221; col_shadow_hover=&#8221;box_shadow_enable:disable|shadow_horizontal:0|shadow_vertical:15|shadow_blur:50|shadow_spread:0|box_shadow_color:rgba(0%2C0%2C0%2C0.35)&#8221;][vc_raw_html]JTNDaWZyYW1lJTIwc3JjJTNEJTIyaHR0cHMlM0ElMkYlMkZ3d3cuZ29vZ2xlLmNvbSUyRm1hcHMlMkZlbWJlZCUzRnBiJTNEJTIxMW0xOCUyMTFtMTIlMjExbTMlMjExZDE0ODAuODYxODI1MDQ2NzI2JTIxMmQxOS45ODY3NzM2MDQ3NTE3OTclMjEzZDUwLjAyMTA5ODM4NDQ3NTA3NCUyMTJtMyUyMTFmMCUyMTJmMCUyMTNmMCUyMTNtMiUyMTFpMTAyNCUyMTJpNzY4JTIxNGYxMy4xJTIxM20zJTIxMW0yJTIxMXMweDQ3MTEzMjZkMDE3YTBiZjUlMjUzQTB4ZDY1MWE3ODI2Y2ZhYzUwJTIxMnNKRyUyNTIwR2FzdHJvJTIxNWUwJTIxM20yJTIxMXNwbCUyMTJzcGwlMjE0djE2MTcwOTEwNzIzODQlMjE1bTIlMjExc3BsJTIxMnNwbCUyMiUyMHdpZHRoJTNEJTIyMTAwJTI1JTIyJTIwaGVpZ2h0JTNEJTIyOTIwJTIyJTIwc3R5bGUlM0QlMjJib3JkZXIlM0EwJTNCJTIyJTIwYWxsb3dmdWxsc2NyZWVuJTNEJTIyJTIyJTIwbG9hZGluZyUzRCUyMmxhenklMjIlM0UlM0MlMkZpZnJhbWUlM0U=[\/vc_raw_html][\/vc_column][\/vc_row]<\/p>\n<\/div>","protected":false},"excerpt":{"rendered":"<p>[vc_row css=&#8221;.vc_custom_1529495917491{margin-top: 70px !important;margin-bottom: 70px !important;}&#8221;][vc_column width=&#8221;1\/2&#8243; css=&#8221;.vc_custom_1627557749158{padding-right: 15px !important;padding-left: 15px !important;}&#8221; col_shadow=&#8221;box_shadow_enable:disable|shadow_horizontal:0|shadow_vertical:15|shadow_blur:50|shadow_spread:0|box_shadow_color:rgba(0%2C0%2C0%2C0.35)&#8221; col_shadow_hover=&#8221;box_shadow_enable:disable|shadow_horizontal:0|shadow_vertical:15|shadow_blur:50|shadow_spread:0|box_shadow_color:rgba(0%2C0%2C0%2C0.35)&#8221; offset=&#8221;vc_col-xs-12&#8243;][dfd_heading subtitle=&#8221;&#8221; enable_delimiter=&#8221;&#8221; undefined=&#8221;&#8221; title_font_options=&#8221;tag:h3|font_size:30|color:%2300205c|line_height:60&#8243; subtitle_font_options=&#8221;tag:div&#8221; title_responsive=&#8221;font_size_desktop:28|font_size_tablet:26|font_size_mobile:24&#8243;]Skontaktuj si\u0119 z nami![\/dfd_heading][dfd_spacer screen_wide_spacer_size=&#8221;30&#8243; screen_normal_resolution=&#8221;1024&#8243; screen_tablet_resolution=&#8221;800&#8243; screen_mobile_resolution=&#8221;480&#8243;][dfd_icon_list icon_align=&#8221;icon-center&#8221; list_fields=&#8221;%5B%7B%22icon_type%22%3A%22selector%22%2C%22select_icon%22%3A%22dfd_icons%22%2C%22ic_dfd_icons%22%3A%22dfd-socicon-map-marker%22%2C%22text_content%22%3A%22ul.%20Krakowska%2018%2C%2032-040%20%C5%9Awi%C4%85tniki%20G%C3%B3rne%22%7D%2C%7B%22icon_type%22%3A%22selector%22%2C%22select_icon%22%3A%22dfd_icons%22%2C%22ic_dfd_icons%22%3A%22dfd-socicon-telephone-handle-silhouette%22%2C%22text_content%22%3A%22%2B48%2012%20658%2021%2009%22%2C%22link_box%22%3A%22link_b%22%2C%22link%22%3A%22url%3Atel%253A%252B48%252012%2520658%252021%252009%22%7D%2C%7B%22icon_type%22%3A%22selector%22%2C%22select_icon%22%3A%22dfd_icons%22%2C%22ic_dfd_icons%22%3A%22dfd-socicon-telephone-handle-silhouette%22%2C%22text_content%22%3A%22%2B48%20887%20448%20836%22%2C%22link_box%22%3A%22link_b%22%2C%22link%22%3A%22url%3Atel%253A%252B48%2520887%2520448%2520834%22%7D%2C%7B%22icon_type%22%3A%22selector%22%2C%22select_icon%22%3A%22dfd_icons%22%2C%22ic_dfd_icons%22%3A%22dfd-socicon-gmail%22%2C%22text_content%22%3A%22info%40dev.jggastro.com%22%2C%22link_box%22%3A%22link_b%22%2C%22link%22%3A%22url%3Amialto%253Ainfo%2540dev.jggastro.com%22%7D%5D&#8221;<\/p>\n","protected":false},"author":1,"featured_media":0,"parent":0,"menu_order":0,"comment_status":"closed","ping_status":"closed","template":"","meta":{"footnotes":""},"yoast_head":"<!-- This site is optimized with the Yoast SEO plugin v22.2 - https:\/\/yoast.com\/wordpress\/plugins\/seo\/ -->\n<title>Kontakt - JG Gastro | To inspire innovation and creativity<\/title>\n<meta name=\"robots\" content=\"noindex, follow, max-snippet:-1, max-image-preview:large, max-video-preview:-1\" \/>\n<meta property=\"og:locale\" content=\"pl_PL\" \/>\n<meta property=\"og:type\" content=\"article\" \/>\n<meta property=\"og:title\" content=\"Kontakt - JG Gastro | To inspire innovation and creativity\" \/>\n<meta property=\"og:description\" content=\"[vc_row css=&#8221;.vc_custom_1529495917491{margin-top: 70px !important;margin-bottom: 70px !important;}&#8221;][vc_column width=&#8221;1\/2&#8243; css=&#8221;.vc_custom_1627557749158{padding-right: 15px !important;padding-left: 15px !important;}&#8221; col_shadow=&#8221;box_shadow_enable:disable|shadow_horizontal:0|shadow_vertical:15|shadow_blur:50|shadow_spread:0|box_shadow_color:rgba(0%2C0%2C0%2C0.35)&#8221; col_shadow_hover=&#8221;box_shadow_enable:disable|shadow_horizontal:0|shadow_vertical:15|shadow_blur:50|shadow_spread:0|box_shadow_color:rgba(0%2C0%2C0%2C0.35)&#8221; offset=&#8221;vc_col-xs-12&#8243;][dfd_heading subtitle=&#8221;&#8221; enable_delimiter=&#8221;&#8221; undefined=&#8221;&#8221; title_font_options=&#8221;tag:h3|font_size:30|color:%2300205c|line_height:60&#8243; subtitle_font_options=&#8221;tag:div&#8221; title_responsive=&#8221;font_size_desktop:28|font_size_tablet:26|font_size_mobile:24&#8243;]Skontaktuj si\u0119 z nami![\/dfd_heading][dfd_spacer screen_wide_spacer_size=&#8221;30&#8243; screen_normal_resolution=&#8221;1024&#8243; screen_tablet_resolution=&#8221;800&#8243; screen_mobile_resolution=&#8221;480&#8243;][dfd_icon_list icon_align=&#8221;icon-center&#8221; list_fields=&#8221;%5B%7B%22icon_type%22%3A%22selector%22%2C%22select_icon%22%3A%22dfd_icons%22%2C%22ic_dfd_icons%22%3A%22dfd-socicon-map-marker%22%2C%22text_content%22%3A%22ul.%20Krakowska%2018%2C%2032-040%20%C5%9Awi%C4%85tniki%20G%C3%B3rne%22%7D%2C%7B%22icon_type%22%3A%22selector%22%2C%22select_icon%22%3A%22dfd_icons%22%2C%22ic_dfd_icons%22%3A%22dfd-socicon-telephone-handle-silhouette%22%2C%22text_content%22%3A%22%2B48%2012%20658%2021%2009%22%2C%22link_box%22%3A%22link_b%22%2C%22link%22%3A%22url%3Atel%253A%252B48%252012%2520658%252021%252009%22%7D%2C%7B%22icon_type%22%3A%22selector%22%2C%22select_icon%22%3A%22dfd_icons%22%2C%22ic_dfd_icons%22%3A%22dfd-socicon-telephone-handle-silhouette%22%2C%22text_content%22%3A%22%2B48%20887%20448%20836%22%2C%22link_box%22%3A%22link_b%22%2C%22link%22%3A%22url%3Atel%253A%252B48%2520887%2520448%2520834%22%7D%2C%7B%22icon_type%22%3A%22selector%22%2C%22select_icon%22%3A%22dfd_icons%22%2C%22ic_dfd_icons%22%3A%22dfd-socicon-gmail%22%2C%22text_content%22%3A%22info%40dev.jggastro.com%22%2C%22link_box%22%3A%22link_b%22%2C%22link%22%3A%22url%3Amialto%253Ainfo%2540dev.jggastro.com%22%7D%5D&#8221;\" \/>\n<meta property=\"og:url\" content=\"https:\/\/dev.jggastro.com\/gastro\/pl\/kontakt\/\" \/>\n<meta property=\"og:site_name\" content=\"JG Gastro | To inspire innovation and creativity\" \/>\n<meta property=\"article:modified_time\" content=\"2023-03-09T09:16:29+00:00\" \/>\n<meta name=\"twitter:card\" content=\"summary_large_image\" \/>\n<meta name=\"twitter:label1\" content=\"Szacowany czas czytania\" \/>\n\t<meta name=\"twitter:data1\" content=\"1 minuta\" \/>\n<script type=\"application\/ld+json\" class=\"yoast-schema-graph\">{\"@context\":\"https:\/\/schema.org\",\"@graph\":[{\"@type\":\"WebPage\",\"@id\":\"https:\/\/dev.jggastro.com\/gastro\/pl\/kontakt\/\",\"url\":\"https:\/\/dev.jggastro.com\/gastro\/pl\/kontakt\/\",\"name\":\"Kontakt - JG Gastro | To inspire innovation and creativity\",\"isPartOf\":{\"@id\":\"https:\/\/dev.jggastro.com\/gastro\/#website\"},\"datePublished\":\"2021-07-02T08:10:53+00:00\",\"dateModified\":\"2023-03-09T09:16:29+00:00\",\"inLanguage\":\"pl-PL\",\"potentialAction\":[{\"@type\":\"ReadAction\",\"target\":[\"https:\/\/dev.jggastro.com\/gastro\/pl\/kontakt\/\"]}]},{\"@type\":\"WebSite\",\"@id\":\"https:\/\/dev.jggastro.com\/gastro\/#website\",\"url\":\"https:\/\/dev.jggastro.com\/gastro\/\",\"name\":\"JG Gastro | To inspire innovation and creativity\",\"description\":\"\",\"potentialAction\":[{\"@type\":\"SearchAction\",\"target\":{\"@type\":\"EntryPoint\",\"urlTemplate\":\"https:\/\/dev.jggastro.com\/gastro\/?s={search_term_string}\"},\"query-input\":\"required name=search_term_string\"}],\"inLanguage\":\"pl-PL\"}]}<\/script>\n<!-- \/ Yoast SEO plugin. -->","yoast_head_json":{"title":"Kontakt - JG Gastro | To inspire innovation and creativity","robots":{"index":"noindex","follow":"follow","max-snippet":"max-snippet:-1","max-image-preview":"max-image-preview:large","max-video-preview":"max-video-preview:-1"},"og_locale":"pl_PL","og_type":"article","og_title":"Kontakt - JG Gastro | To inspire innovation and creativity","og_description":"[vc_row css=&#8221;.vc_custom_1529495917491{margin-top: 70px !important;margin-bottom: 70px !important;}&#8221;][vc_column width=&#8221;1\/2&#8243; css=&#8221;.vc_custom_1627557749158{padding-right: 15px !important;padding-left: 15px !important;}&#8221; col_shadow=&#8221;box_shadow_enable:disable|shadow_horizontal:0|shadow_vertical:15|shadow_blur:50|shadow_spread:0|box_shadow_color:rgba(0%2C0%2C0%2C0.35)&#8221; col_shadow_hover=&#8221;box_shadow_enable:disable|shadow_horizontal:0|shadow_vertical:15|shadow_blur:50|shadow_spread:0|box_shadow_color:rgba(0%2C0%2C0%2C0.35)&#8221; offset=&#8221;vc_col-xs-12&#8243;][dfd_heading subtitle=&#8221;&#8221; enable_delimiter=&#8221;&#8221; undefined=&#8221;&#8221; title_font_options=&#8221;tag:h3|font_size:30|color:%2300205c|line_height:60&#8243; subtitle_font_options=&#8221;tag:div&#8221; title_responsive=&#8221;font_size_desktop:28|font_size_tablet:26|font_size_mobile:24&#8243;]Skontaktuj si\u0119 z nami![\/dfd_heading][dfd_spacer screen_wide_spacer_size=&#8221;30&#8243; screen_normal_resolution=&#8221;1024&#8243; screen_tablet_resolution=&#8221;800&#8243; screen_mobile_resolution=&#8221;480&#8243;][dfd_icon_list icon_align=&#8221;icon-center&#8221; list_fields=&#8221;%5B%7B%22icon_type%22%3A%22selector%22%2C%22select_icon%22%3A%22dfd_icons%22%2C%22ic_dfd_icons%22%3A%22dfd-socicon-map-marker%22%2C%22text_content%22%3A%22ul.%20Krakowska%2018%2C%2032-040%20%C5%9Awi%C4%85tniki%20G%C3%B3rne%22%7D%2C%7B%22icon_type%22%3A%22selector%22%2C%22select_icon%22%3A%22dfd_icons%22%2C%22ic_dfd_icons%22%3A%22dfd-socicon-telephone-handle-silhouette%22%2C%22text_content%22%3A%22%2B48%2012%20658%2021%2009%22%2C%22link_box%22%3A%22link_b%22%2C%22link%22%3A%22url%3Atel%253A%252B48%252012%2520658%252021%252009%22%7D%2C%7B%22icon_type%22%3A%22selector%22%2C%22select_icon%22%3A%22dfd_icons%22%2C%22ic_dfd_icons%22%3A%22dfd-socicon-telephone-handle-silhouette%22%2C%22text_content%22%3A%22%2B48%20887%20448%20836%22%2C%22link_box%22%3A%22link_b%22%2C%22link%22%3A%22url%3Atel%253A%252B48%2520887%2520448%2520834%22%7D%2C%7B%22icon_type%22%3A%22selector%22%2C%22select_icon%22%3A%22dfd_icons%22%2C%22ic_dfd_icons%22%3A%22dfd-socicon-gmail%22%2C%22text_content%22%3A%22info%40dev.jggastro.com%22%2C%22link_box%22%3A%22link_b%22%2C%22link%22%3A%22url%3Amialto%253Ainfo%2540dev.jggastro.com%22%7D%5D&#8221;","og_url":"https:\/\/dev.jggastro.com\/gastro\/pl\/kontakt\/","og_site_name":"JG Gastro | To inspire innovation and creativity","article_modified_time":"2023-03-09T09:16:29+00:00","twitter_card":"summary_large_image","twitter_misc":{"Szacowany czas czytania":"1 minuta"},"schema":{"@context":"https:\/\/schema.org","@graph":[{"@type":"WebPage","@id":"https:\/\/dev.jggastro.com\/gastro\/pl\/kontakt\/","url":"https:\/\/dev.jggastro.com\/gastro\/pl\/kontakt\/","name":"Kontakt - JG Gastro | To inspire innovation and creativity","isPartOf":{"@id":"https:\/\/dev.jggastro.com\/gastro\/#website"},"datePublished":"2021-07-02T08:10:53+00:00","dateModified":"2023-03-09T09:16:29+00:00","inLanguage":"pl-PL","potentialAction":[{"@type":"ReadAction","target":["https:\/\/dev.jggastro.com\/gastro\/pl\/kontakt\/"]}]},{"@type":"WebSite","@id":"https:\/\/dev.jggastro.com\/gastro\/#website","url":"https:\/\/dev.jggastro.com\/gastro\/","name":"JG Gastro | To inspire innovation and creativity","description":"","potentialAction":[{"@type":"SearchAction","target":{"@type":"EntryPoint","urlTemplate":"https:\/\/dev.jggastro.com\/gastro\/?s={search_term_string}"},"query-input":"required name=search_term_string"}],"inLanguage":"pl-PL"}]}},"_links":{"self":[{"href":"https:\/\/dev.jggastro.com\/gastro\/wp-json\/wp\/v2\/pages\/50"}],"collection":[{"href":"https:\/\/dev.jggastro.com\/gastro\/wp-json\/wp\/v2\/pages"}],"about":[{"href":"https:\/\/dev.jggastro.com\/gastro\/wp-json\/wp\/v2\/types\/page"}],"author":[{"embeddable":true,"href":"https:\/\/dev.jggastro.com\/gastro\/wp-json\/wp\/v2\/users\/1"}],"replies":[{"embeddable":true,"href":"https:\/\/dev.jggastro.com\/gastro\/wp-json\/wp\/v2\/comments?post=50"}],"version-history":[{"count":3,"href":"https:\/\/dev.jggastro.com\/gastro\/wp-json\/wp\/v2\/pages\/50\/revisions"}],"predecessor-version":[{"id":612,"href":"https:\/\/dev.jggastro.com\/gastro\/wp-json\/wp\/v2\/pages\/50\/revisions\/612"}],"wp:attachment":[{"href":"https:\/\/dev.jggastro.com\/gastro\/wp-json\/wp\/v2\/media?parent=50"}],"curies":[{"name":"wp","href":"https:\/\/api.w.org\/{rel}","templated":true}]}}